inder when 2996699 is divided by 137?
98
What is the remainder when 473906 is divided by 857?
842
Calculate the remainder when 2531078 is divided by 264.
110
Calculate the remainder when 3707052 is divided by 370705.
2
Calculate the remainder when 7555042 is divided by 228940.
22
What is the remainder when 18480974 is divided by 621?
14
What is the remainder when 38538489 is divided by 11?
0
Calculate the remainder when 81812 is divided by 706.
622
Calculate the remainder when 3930091 is divided by 253.
242
What is the remainder when 1224715 is divided by 6312?
187
Calculate the remainder when 107678 is divided by 26864.
222
What is the remainder when 1032059 is divided by 3308?
3271
Calculate the remainder when 12425114 is divided by 243629.
35
Calculate the remainder when 4014989 is divided by 1782.
143
What is the remainder when 2620084 is divided by 1080?
4
What is the remainder when 463591 is divided by 21?
16
Calculate the remainder when 516206 is divided by 474.
20
What is the remainder when 33476109 is divided by 11158650?
159
What is the remainder when 999763 is divided by 996934?
2829
Calculate the remainder when 1318080 is divided by 3971.
3679
What is the remainder when 500092 is divided by 163?
8
Calculate the remainder when 77654 is divided by 25606.
836
What is the remainder when 13222 is divided by 12757?
465
Calculate the remainder when 4633017 is divided by 181.
141
What is the remainder when 1228870 is divided by 613910?
1050
Calculate the remainder when 48335 is divided by 5334.
329
What is the remainder when 44537 is divided by 1443?
1247
Calculate the remainder when 2676478 is divided by 139.
33
Calculate the remainder when 3224347 is divided by 58.
11
Calculate the remainder when 112466143 is divided by 3213318.
13
Calculate the remainder when 665379 is divided by 466.
397
What is the remainder when 2107805 is divided by 608?
477
What is the remainder when 5858266 is divided by 2591?
15
Calculate the remainder when 2304888 is divided by 2508.
36
What is the remainder when 29185695 is divided by 2653239?
66
What is the remainder when 33646414 is divided by 3764?
18
What is the remainder when 2802980 is divided by 280297?
10
Calculate the remainder when 71277642 is divided by 35638813.
16
Calculate the remainder when 261715 is divided by 215.
60
Calculate the remainder when 21454007 is divided by 5363491.
43
What is the remainder when 1432305 is divided by 22?
17
What is the remainder when 1756131 is divided by 351223?
16
What is the remainder when 118434 is divided by 5033?
2675
What is the remainder when 3805553 is divided by 10?
3
What is the remainder when 73336024 is divided by 36?
28
Calculate the remainder when 17837450 is divided by 183891.
23
What is the remainder when 3178668 is divided by 110?
108
Calculate the remainder when 731469 is divided by 109.
79
What is the remainder when 29848 is divided by 29283?
565
What is the remainder when 6928326 is divided by 524?
522
What is the remainder when 2515648 is divided by 1709?
0
Calculate the remainder when 15727085 is divided by 1965885.
5
Calculate the remainder when 3664639 is divided by 3151.
26
What is the remainder when 15086 is divided by 13102?
1984
Calculate the remainder when 4700916 is divided by 673.
11
Calculate the remainder when 608481 is divided by 304066.
349
What is the remainder when 2108043 is divided by 620?
43
What is the remainder when 415062 is divided by 537?
498
Calculate the remainder when 1882 is divided by 921.
40
Calculate the remainder when 15375279 is divided by 64602.
3
Calculate the remainder when 23300412 is divided by 61.
59
Calculate the remainder when 76566929 is divided by 3.
2
Calculate the remainder when 41885498 is divided by 125.
123
Calculate the remainder when 27911530 is divided by 22.
20
What is the remainder when 302678 is divided by 765?
503
What is the remainder when 74032 is divided by 708?
400
Calculate the remainder when 17672043 is divided by 215.
118
What is the remainder when 8068324 is divided by 22921?
132
Calculate the remainder when 71365 is divided by 852.
649
Calculate the remainder when 117669 is divided by 14701.
61
What is the remainder when 442322 is divided by 308?
34
Calculate the remainder when 1569566 is divided by 1809.
1163
What is the remainder when 1783863 is divided by 1811?
28
Calculate the remainder when 372964 is divided by 1332.
4
Calculate the remainder when 32379324 is divided by 27510.
54
Calculate the remainder when 43965471 is divided by 314039.
11
Calculate the remainder when 345355 is divided by 4637.
2217
What is the remainder when 4149474 is divided by 95?
64
What is the remainder when 98864 is divided by 24673?
172
Calculate the remainder when 33670 is divided by 10072.
3454
What is the remainder when 340486 is divided by 4869?
4525
What is the remainder when 671570 is divided by 13168?
2
Calculate the remainder when 15111 is divided by 490.
411
Calculate the remainder when 195490 is divided by 8495.
105
Calculate the remainder when 60741 is divided by 99.
54
Calculate the remainder when 533582 is divided by 6.
2
Calculate the remainder when 112895 is divided by 336.
335
What is the remainder when 3242721 is divided by 51?
39
What is the remainder when 2297452 is divided by 199?
196
What is the remainder when 2842707 is divided by 12468?
3
What is the remainder when 412803 is divided by 4793?
605
What is the remainder when 4911366 is divided by 833?
831
Calculate the remainder when 931644 is divided by 54.
36
Calculate the remainder when 272060 is divided by 2429.
12
What is the remainder when 136963877 is divided by 10?
7
Calculate the remainder when 2851999 is divided by 124.
123
Calculate the remainder when 1833836 is divided by 611137.
425
What is the remainder when 72843 is divided by 1451?
293
What is the remainder when 8509535 is divided by 1268?
1255
Calculate the remainder when 23662885 is divided by 11831430.
25
What is the remainder when 8234203 is divided by 89?
12
Calculate the remainder when 544389 is divided by 181315.
444
What is the remainder when 1089731288 is divided by 3198?
3194
Calculate the remainder when 1282424 is divided by 148.
4
What is the remainder when 127164 is divided by 272?
140
Calculate the remainder when 2162194 is divided by 240241.
25
What is the remainder when 1118854 is divided by 166?
14
What is the remainder when 124291 is divided by 15531?
43
What is the remainder when 96945280 is divided by 9?
7
Calculate the remainder when 112214 is divided by 2341.
2187
Calculate the remainder when 92752961 is divided by 174.
173
Calculate the remainder when 2034397 is divided by 2457.
1
What is the remainder when 268835604 is divided by 1511?
1506
What is the remainder when 1260 is divided by 1250?
10
Calculate the remainder when 119583966 is divided by 39861322.
0
What is the remainder when 92979 is divided by 123?
114
What is the remainder when 4140674 is divided by 24?
2
What is the remainder when 200740449 is divided by 4439?
4430
What is the remainder when 11749 is divided by 1676?
17
What is the remainder when 15467 is divided by 99?
23
Calculate the remainder when 950339 is divided by 613.
189
Calculate the remainder when 3784438 is divided by 4224.
3958
What is the remainder when 452246 is divided by 9830?
66
Calculate the remainder when 739221 is divided by 2168.
2101
What is the remainder when 11072753 is divided by 929?
2
Calculate the remainder when 136516 is divided by 1898.
1758
Calculate the remainder when 10125423 is divided by 883.
62
Calculate the remainder when 20891280 is divided by 179.
11
What is the remainder when 27694963 is divided by 6923726?
59
What is the remainder when 28666 is divided by 1228?
422
Calculate the remainder when 3339436 is divided by 14394.
28
Calculate the remainder when 6304969 is divided by 2726.
2457
Calculate the remainder when 1493107 is divided by 189.
7
Calculate the remainder when 24997417 is divided by 1151.
1150
What is the remainder when 41038310 is divided by 3730752?
38
Calculate the remainder when 153379 is divided by 152760.
619
Calculate the remainder when 394678 is divided by 13.
11
Calculate the remainder when 368224 is divided by 73559.
429
What is the remainder when 31576 is divid